 + 10/135?
8
Let o(t) = -22*t + 19. Let a be 483/(-98) + (-4)/56. What is the units digit of o(a)?
9
Suppose 4*x - 2*r = 141372, 449*x - 448*x = 4*r + 35336. What is the hundreds digit of x?
3
Let z = 765 - 759. Let r(x) = 208*x - 92. What is the tens digit of r(z)?
5
Let h(c) = -c**3 + 13*c**2 + 29*c + 24. Let x be h(15). Suppose 4*i - 5*v = 620, 0 = 11*i - x*i - 2*v - 310. What is the tens digit of i?
5
Let k be 3280/(-64) + (-2)/(-8). What is the tens digit of 34/k + 2963/3?
8
Let z = 699 + -695. Suppose 2*x = z*a + 1732, -a = 2*x + 1123 - 2855. What is the tens digit of x?
6
What is the units digit of ((-2)/6)/((-30916)/10305 + 3)?
5
Suppose 2*t - 63197 = -x, 83*t - 87*t = 3*x - 126403. What is the tens digit of t?
9
Suppose -c + 4 = -0*c. Let f be (2 - (-2)/5)/(12/80). Suppose 0*q - 4*q = c*k - 24, -2*q + f = k. What is the units digit of q?
0
What is the units digit of (23417884/420 - -8) + (34/30 - 1)?
5
Let a(s) be the third derivative of s**4/8 - 9*s**3/2 - 7*s**2. Let r be a(11). Let g(m) = 13*m - 2. What is the units digit of g(r)?
6
Let z be 205/20 + 1/(-4). Suppose -5*l - z*l = -2475. What is the units digit of l?
5
Suppose 49*x - 7459 - 43879 - 33138 = 0. What is the hundreds digit of x?
7
Let q(i) = 1287*i + 1107. What is the hundreds digit of q(5)?
5
Let f(g) = -154*g - 47. Suppose -5*y - 28 = -5*q - 83, -2*q - 26 = -3*y. What is the units digit of f(q)?
1
Let r(h) = -10*h - 22. Let s be r(-6). Suppose -l + 45 = -s. Suppose 5*c + 800 = 4*a, 4*c - l = -a + 117. What is the hundreds digit of a?
2
Suppose 4*p - 36 = -4*r, p + 1 = -2*p + 4*r. Suppose -3*c + 847 + 742 = -p*l, -3*c + 1603 = 2*l. What is the units digit of c?
3
Suppose -m = -4*t + 4, 4 + 8 = -3*t - 3*m. Suppose t = -30*f + 21*f + 10098. What is the tens digit of f?
2
Let c = 3885 + -1151. What is the thousands digit of c?
2
Let m(p) = -1 + 6*p + 13 - 7*p + 50*p. Let w(d) = d**3 + 5*d**2 + 3*d - 1. Let o be w(-4). What is the tens digit of m(o)?
5
Suppose 0 = 2*s + 5*b + 315, 3*b = -3*s - 0*b - 468. Let c = s + 258. Suppose c = -4*t + 315. What is the units digit of t?
3
What is the thousands digit of (1 + 0)/(46/2195534)?
7
Let g = 148 + -145. Suppose 11 - 102 = -2*l - g*k, -4*l - 3*k + 173 = 0. Suppose -l = 3*m - 68. What is the units digit of m?
9
Let q = -11570 + 16602. What is the units digit of q?
2
Let z be 2/((9/(-1809))/(1/(-2))). Let l = 934 + z. What is the hundreds digit of l?
1
Suppose 0 = 19*x - 14*x - 25. Suppose -325 + 5 = -x*h. What is the tens digit of h?
6
Let g be 1*((3 - (3 - 1)) + -1). Suppose g = -z + 33 - 0. Suppose z*q = 34*q - 15. What is the tens digit of q?
1
Let m(q) = 497*q + 14. Let l be m(22). What is the hundreds digit of 2/(-11) - l/(-77)?
1
Let u(r) = -r**3 - 47*r**2 - 108*r + 223. What is the ten thousands digit of u(-55)?
3
Suppose -138*v - 34380 = -147*v. What is the tens digit of v?
2
Suppose 0 = -2*p + 4*b + 174, 10*p - 4*b + 117 = 11*p. Suppose -2364 = 94*l - p*l. What is the tens digit of l?
8
Let v be (-1 + (-28)/8)*40/(-30). Suppose -v*p + 9614 = 5*p. What is the tens digit of p?
7
Let c = -110 - -218. Let t = c - 104. Suppose f = -1 + t. What is the units digit of f?
3
Let j = 31462 - 18786. What is the hundreds digit of j?
6
Suppose -16*b = -28*b + 112*b - 2392500. What is the hundreds digit of b?
9
What is the units digit of 1050/50 + (5 - -18800)?
6
Let k = -172 - -178. Suppose 2*q + 3*s = 2269, 0 = 5*s - k - 9. What is the thousands digit of q?
1
Let t be 35/10 - 4/(-8). Suppose j = 2*j - t. Suppose -3*x = -j*x + 36. What is the units digit of x?
6
Suppose -2*u + 53 + 77 = -2*p, 4*p + 193 = 3*u. Let z = 139 - u. Suppose -2*r + 2*t + 160 = 0, -5*r + 4*r - t = -z. What is the tens digit of r?
7
Suppose 2*z - z + 16 = -2*l, -4*l - 3*z = 32. Let y be -13*(-2)/8 - (-2)/l. Suppose 0 = -f - 0*f + 5*k + 94, y*f + k = 218. What is the units digit of f?
4
Suppose 2*o + 2*b - 19 - 5 = 0, 0 = -3*o + 5*b + 44. Let v be -4 + 1*(0 + o). Let l(u) = 2*u**2 - 9*u + 13. What is the tens digit of l(v)?
9
Suppose -3*i + 2*p + 7562 = 0, -9*i + 4*i - 2*p + 12630 = 0. What is the tens digit of i?
2
What is the units digit of (264957/42)/(1/2) - 60/(-12)?
2
Let w(i) = 56172*i**2 - 16*i - 19. What is the tens digit of w(-1)?
6
Let c be 1/(1 - 44/42). What is the tens digit of 670/(c/(-7) + -2)?
7
Suppose 0 = 5*r - 4*t - 28, 0 = -2*r - 4*t - 0*t. Suppose -5*d - 4*c = -679, -r*c + 85 + 189 = 2*d. What is the hundreds digit of d?
1
What is the ten thousands digit of (49 + 8045)/((-1 - -4) + (-16)/6)?
2
Suppose 37*o = y + 38*o - 66768, y - o - 66780 = 0. What is the hundreds digit of y?
7
Let f = -13474 + 60710. What is the thousands digit of f?
7
Let s(t) = 538*t**2 - 38*t - 41. What is the tens digit of s(5)?
1
Let z(h) = 2*h**3 + 23 - 2 - 16 + 3*h**2 + 9*h. What is the hundreds digit of z(6)?
5
Let y(m) = 2*m**2 + 9*m - 11. Let t = -2 - -6. Suppose -3*l + 8*l = t*k + 47, -k + l - 11 = 0. What is the units digit of y(k)?
5
Let p(s) = -s**3 + 32*s**2 + 3. Let c be p(32). Suppose 0*f - 2*a = -f + 317, -5*f - c*a + 1520 = 0. What is the tens digit of f?
0
Suppose 0 = -3*b + 4*d - 8*d - 61, 0 = -b - 4*d - 31. What is the tens digit of 8/(-10) + (-372)/b?
2
Let w = 9 + -6. Let f be -11 + 7 + w + 1. Suppose -32*q + 36*q - 528 = f. What is the hundreds digit of q?
1
Suppose 9*t - 5901 = 11379. Suppose 0 = -17*h + 11*h + t. What is the tens digit of h?
2
Let m(i) = 6*i**2 + 80*i - 85. What is the units digit of m(-32)?
9
Suppose 0 = 1872*r - 1874*r + 45636. What is the hundreds digit of r?
8
Suppose d - 23483 = -2*g, -16*d + 17*d = -g + 23491. What is the thousands digit of d?
3
Suppose -2*b = -f + 166, b + 2*f = 2*b + 80. Let r be 6/(-2)*b/36. Let h = r + -6. What is the units digit of h?
1
Let h(v) = -v**3 + 11*v**2 + 71*v + 15. Let x be h(17). Let n = x + 1201. What is the hundreds digit of n?
6
Let t = 845 - 462. Let l be ((-42)/4)/7*500/3. Let k = l + t. What is the tens digit of k?
3
Let q = 3978 + 671. What is the hundreds digit of q?
6
Let q be (-144)/(-28) - 1/7. Suppose q*r = 4*r - 122. Let s = 192 + r. What is the units digit of s?
0
Let f(u) = -7*u - 5. Let v be f(-3). Let m(y) = -y**2 + 24*y - 26. Let t be m(v). Suppose x = -x + t. What is the tens digit of x?
5
Let x = 18251 + -9908. What is the hundreds digit of x?
3
Let a be (8 - -1392) + 0 + -5. Let m = -753 + a. What is the tens digit of m?
4
Suppose 5*y + x + 3*x - 378 = 0, 2*x = -2*y + 150. Let b(w) = w - 45. Let s be b(0). Let i = y + s. What is the units digit of i?
3
Let a = 128 - 126. What is the units digit of a/6 - 1920/(-18)?
7
Let d be -31*3/(-15) + (-44)/220. Let g(s) = 4*s**2 - 2*s + 1. Let n be g(1). Suppose -n*r + 207 = 5*q, -9 = 5*q + d. What is the tens digit of r?
7
Let s(w) = 2*w**3 + 71*w**2 + 96*w + 147. What is the thousands digit of s(-28)?
9
Let y(m) = 33*m + 47*m - 101*m + 165 + 32*m. What is the tens digit of y(-11)?
4
Let b(z) = z**2 - z - 19. Let i be b(19). Let t = -245 - i. What is the tens digit of (2/(-4))/(-1 + (-564)/t)?
7
Let d(c) = 2*c**3 - 17*c**2 + 7*c + 69. Let m(u) = -u**3 - 18*u**2 + 4*u + 84. Let j be m(-18). What is the tens digit of d(j)?
6
Let c = 3795 + -2223. What is the hundreds digit of c?
5
Suppose -l - 150 = 5*i - 637, -5*l = -4*i - 2493. What is the hundreds digit of l?
4
Suppose -29 = 4*m - 45. Let q be (3/(0 - 1))/(m + -5). Suppose -364 = -3*b - 2*t, q*b - 244 = b - 2*t. What is the tens digit of b?
2
Let x(n) = 98*n + 1. Let q be x(2). Suppose -154*f + 151*f - 411 = 0. Let y = q + f. What is the units digit of y?
0
Let q(i) = 103*i - 2144. What is the thousands digit of q(100)?
8
Let p be (3 + (-185)/(-15))/(2/3). Let k = 341 + p. What is the tens digit of k?
6
Suppose -4*v + q + 21 = -4*q, 0 = -3*v - 2*q + 10. Let j(u) be the first derivative of u**4/4 + 2*u**3/3 + 13*u**2/2 + 326. What is the tens digit of j(v)?
4
Suppose 30852 = 12*s - 36972. What is the units digit of s?
2
Let i = -85 + 89. Suppose 0 = 4*k + i*r - 9*r - 479, -k + r + 119 = 0. Let t = k + 49. What is the tens digit of t?
6
Suppose -3*k = 2*k + 2*t - 76, 2*t + 64 = 5*k. Suppose -4337 = -k*c + 3223. What is the tens digit of c?
4
Let g(a) = -5*a**2 + 50*a - 2. Let r be g(10). What is the tens digit of 629 + (-7 - (r - 5))?
2
Suppose -n = -4, 2*x + 72 = 7*x + 3*n.